
2, 1777, 52889
List the prime factors of 413670073.
8191, 50503
What are the prime factors of 47691022?
2, 29, 822259
What are the prime factors of 591765440?
2, 5, 7, 67, 3943
What are the prime factors of 12995620?
2, 5, 11, 19, 3109
List the prime factors of 266740380.
2, 3, 5, 1481891
List the prime factors of 91905244.
2, 59, 151, 2579
List the prime factors of 2049475062.
2, 3, 2447, 139591
What are the prime factors of 477505432?
2, 59688179
What are the prime factors of 859507136?
2, 13429799
What are the prime factors of 7093655?
5, 997, 1423
What are the prime factors of 3682311825?
3, 5, 967, 50773
What are the prime factors of 3522682?
2, 1259, 1399
List the prime factors of 322990131.
3, 37, 59, 149, 331
List the prime factors of 6470321.
11, 13, 45247
List the prime factors of 3076214348.
2, 1087, 707501
What are the prime factors of 2198078154?
2, 3, 127, 320513
What are the prime factors of 287106584?
2, 35888323
List the prime factors of 15760035.
3, 5, 116741
List the prime factors of 257846851.
257846851
List the prime factors of 306122989.
113, 877, 3089
What are the prime factors of 3037220185?
5, 607444037
List the prime factors of 1130752415.
5, 13, 19, 915589
List the prime factors of 176870319.
3, 58956773
What are the prime factors of 123162983?
47, 653, 4013
List the prime factors of 1217552420.
2, 5, 7, 191, 45533
List the prime factors of 2585321913.
3, 861773971
List the prime factors of 1763121.
3, 17, 181, 191
List the prime factors of 66195946.
2, 33097973
List the prime factors of 32883662.
2, 7, 2348833
List the prime factors of 3412281690.
2, 3, 5, 37914241
What are the prime factors of 2456200639?
317, 7748267
What are the prime factors of 797483561?
7, 19, 61, 98297
What are the prime factors of 179057020?
2, 5, 29, 139, 2221
List the prime factors of 1372837703.
17, 7229, 11171
What are the prime factors of 33098620?
2, 5, 1654931
List the prime factors of 254477265.
3, 5, 7, 2423593
List the prime factors of 42595196.
2, 7, 233, 6529
What are the prime factors of 400315719?
3, 263, 507371
What are the prime factors of 39087989?
43, 909023
What are the prime factors of 1043961110?
2, 5, 853, 122387
List the prime factors of 16681944.
2, 3, 695081
What are the prime factors of 5667286842?
2, 3, 7, 44978467
List the prime factors of 1782053.
7, 13, 19583
List the prime factors of 7352331.
3, 7, 350111
List the prime factors of 50985390.
2, 3, 5, 31, 73, 751
List the prime factors of 2291306263.
2291306263
List the prime factors of 367491224.
2, 787, 58369
What are the prime factors of 300614206?
2, 150307103
List the prime factors of 100267566.
2, 3, 7, 179, 13337
List the prime factors of 486760223.
83, 181, 32401
What are the prime factors of 1304460457?
1304460457
List the prime factors of 1233155485.
5, 83, 2971459
List the prime factors of 35039478.
2, 3, 89, 65617
What are the prime factors of 95458724?
2, 53, 450277
List the prime factors of 72237468.
2, 3, 19, 37, 8563
List the prime factors of 530099.
37, 14327
List the prime factors of 134169456.
2, 3, 977, 2861
List the prime factors of 11521371.
3, 73, 52609
What are the prime factors of 547429266?
2, 3, 809, 4177
What are the prime factors of 510285618?
2, 3, 61, 464741
What are the prime factors of 79245325?
5, 3169813
List the prime factors of 346093291.
346093291
List the prime factors of 687171705.
3, 5, 11, 17, 22271
What are the prime factors of 60859004?
2, 15214751
What are the prime factors of 42753526?
2, 31, 97, 7109
What are the prime factors of 392921368?
2, 7, 19, 41, 9007
List the prime factors of 110613367.
41, 2697887
List the prime factors of 16050587.
7, 67, 4889
List the prime factors of 47440318.
2, 317, 74827
List the prime factors of 40040871.
3, 13, 31, 33119
What are the prime factors of 30388676?
2, 19, 399851
What are the prime factors of 42250893?
3, 71, 293, 677
List the prime factors of 46220894.
2, 2237, 10331
List the prime factors of 17476017.
3, 13, 17, 43, 613
What are the prime factors of 416604521?
416604521
What are the prime factors of 1703115343?
587, 1297, 2237
List the prime factors of 1075779648.
2, 3, 41, 45553
List the prime factors of 5035370515.
5, 7, 37, 41, 94837
What are the prime factors of 44722663?
199, 224737
List the prime factors of 786023027.
19, 41369633
What are the prime factors of 1033708904?
2, 271, 476803
List the prime factors of 9491157.
3, 13, 23, 3527
What are the prime factors of 2392204593?
3, 27437, 29063
What are the prime factors of 52224182?
2, 5107, 5113
What are the prime factors of 181047418?
2, 137, 660757
List the prime factors of 20162102.
2, 17, 593003
What are the prime factors of 172474177?
172474177
What are the prime factors of 312401107?
312401107
List the prime factors of 136788311.
11, 2753, 4517
List the prime factors of 5390957851.
227, 239, 99367
What are the prime factors of 7280750079?
3, 53, 15263627
List the prime factors of 30161033.
7, 547, 7877
List the prime factors of 4000393989.
3, 444488221
What are the prime factors of 1570717?
401, 3917
What are the prime factors of 3102669680?
2, 5, 11, 3525761
What are the prime factors of 316041877?
19, 16633783
What are the prime factors of 1902854009?
7, 19, 23, 622051
List the prime factors of 411970940.
2, 5, 23, 67, 13367
What are the prime factors of 1574663893?
11, 19, 7534277
List the prime factors of 659138855.
5, 59, 61, 36629
What are the prime factors of 946450200?
2, 3, 5, 373, 4229
What are the prime factors of 63726402?
2, 3, 941, 11287
What are the prime factors of 26641616?
2, 53, 89, 353
What are the prime factors of 22602993?
3, 7, 43, 25031
List the prime factors of 63447084.
2, 3, 587473
What are the prime factors of 48159357?
3, 19, 113, 7477
List the prime factors of 661297303.
67, 1951, 5059
List the prime factors of 680222238.
2, 3, 983, 115331
What are the prime factors of 102810165?
3, 5, 41, 349, 479
List the prime factors of 1179885385.
5, 7, 43, 523, 1499
What are the prime factors of 49005593?
7, 13, 538523
List the prime factors of 138460701.
3, 1019, 45293
List the prime factors of 47952282.
2, 3, 7, 211, 773
List the prime factors of 206489727.
3, 22943303
List the prime factors of 1450058833.
1450058833
List the prime factors of 4008551480.
2, 5, 2141, 46807
What are the prime factors of 183153932?
2, 13, 3522191
List the prime factors of 1237180008.
2, 3, 1481, 34807
What are the prime factors of 269754?
2, 3, 44959
What are the prime factors of 1380026582?
2, 11, 19, 3301499
List the prime factors of 43527868.
2, 23, 43, 11003
List the prime factors of 296382740.
2, 5, 14819137
List the prime factors of 785866406.
2, 13, 30225631
List the prime factors of 201553415.
5, 7, 822667
What are the prime factors of 1559662279?
7, 1831, 121687
What are the prime factors of 42019642?
2, 7, 37, 81119
What are the prime factors of 229315910?
2, 5, 22931591
What are the prime factors of 422842969?
181, 2336149
List the prime factors of 22294893.
3, 211, 35221
List the prime factors of 324106922.
2, 31, 109, 199, 241
What are the prime factors of 39830804?
2, 13, 29, 61, 433
List the prime factors of 130260275.
5, 5210411
What are the prime factors of 111845311?
67, 131, 12743
List the prime factors of 1254417161.
263, 4769647
List the prime factors of 12377322.
2, 3, 19, 36191
List the prime factors of 35579157.
3, 11859719
List the prime factors of 3292133200.
2, 5, 107, 76919
What are the prime factors of 70423785?
3, 5, 19, 31, 2657
List the prime factors of 195427041.
3, 65142347
List the prime factors of 882625197.
3, 1933, 152203
List the prime factors of 41813345.
5, 7, 1194667
List the prime factors of 2135038651.
2135038651
List the prime factors of 6500689556.
2, 107, 15188527
List the prime factors of 73112344.
2, 211, 43313
List the prime factors of 3038872186.
2, 7, 217062299
List the prime factors of 45214404.
2, 3, 3767867
What are the prime factors of 31247264?
2, 976477
What are the prime factors of 187764526?
2, 93882263
What are the prime factors of 497300142?
2, 3, 1861, 44537
What are the prime factors of 47998705?
5, 2657, 3613
List the prime factors of 1883088850.
2, 5, 2447, 15391
What are the prime factors of 2957050197?
3, 328561133
What are the prime